alculate s(6).
5
Let p(u) = u**2 + 4*u - 6. Give p(-3).
-9
Let o(m) = -m**3 - 5*m**2 + 9*m + 9. Give o(-6).
-9
Let i(m) = -m**3 - 16*m**2 + 4*m + 50. What is i(-16)?
-14
Let d(s) = -s**2 - 5*s + 7. What is d(-5)?
7
Let b(j) = j - 48. What is b(0)?
-48
Let t(o) = -o**2 + 10*o - 25. What is t(5)?
0
Let t(y) = -2*y**3 + 4*y**2 - 3*y + 4. Calculate t(2).
-2
Let t(r) = -r**3 + 15*r**2 - r - 1. Determine t(15).
-16
Let r(p) = p - 19. What is r(11)?
-8
Let s(c) = -4*c**2 + c - 6. What is s(3)?
-39
Let v(d) = 7*d - 21. Determine v(18).
105
Let n(m) = m**2 - 11*m - 37. Calculate n(14).
5
Let m(k) = -k**3 - 20*k**2 + 23*k + 25. Give m(-21).
-17
Let t(c) = c**3 - 10*c**2 - 11*c - 14. Calculate t(11).
-14
Let t(m) = m**2 + 10*m + 9. What is t(-9)?
0
Let a(d) = -d**2 + 12*d - 3. Calculate a(10).
17
Let y(p) = p**3 + 5*p**2 + 7*p + 10. What is y(-5)?
-25
Let q(z) = -4*z - 1. Give q(0).
-1
Let t(o) = -o**3 + 5*o**2 - 3*o - 3. Calculate t(4).
1
Let i(h) = 19*h**3 - 2*h**2 - h. What is i(-1)?
-20
Let i(b) = -18*b - 130. Calculate i(-7).
-4
Let b(z) = -12*z**2 - z + 1. Calculate b(1).
-12
Let t(d) = -d - 20. Determine t(-13).
-7
Let w(r) = 3*r + 1. Calculate w(-7).
-20
Let d(s) = -2*s - 6. What is d(7)?
-20
Let s(t) = -t**3 + 7*t**2 + t + 2. What is s(7)?
9
Let h(n) = -8*n + 322. Calculate h(40).
2
Let o(x) = -x**3 - 5*x**2 - 6*x + 3. What is o(-4)?
11
Let b(t) = -t**3 - 10*t**2 + 4. Determine b(-10).
4
Let t(y) = y**2 + 7*y - 27. Calculate t(-10).
3
Let x(d) = d**3 + 8*d**2 + 11*d + 24. Calculate x(-7).
-4
Let g(h) = -17*h - 1. Give g(4).
-69
Let d(l) = -l**2 + 27*l - 11. Calculate d(27).
-11
Let u(t) = t**3 - 10*t**2 - 8*t + 11. Give u(11).
44
Let y(d) = d**2 - 6*d - 5. Calculate y(-3).
22
Let w(i) = -3*i - 13. Determine w(-9).
14
Let d(p) = -p**2 + p + 34. Determine d(0).
34
Let o(l) = l**3 + 10*l**2 - 8*l + 20. Determine o(-11).
-13
Let d(n) = -6*n. Calculate d(5).
-30
Let h(m) = -25*m**2 - 2*m + 1. Give h(1).
-26
Let i(o) = 2*o**3 + 39*o**2 + 18*o + 17. Calculate i(-19).
36
Let o(t) = -t - 5. Calculate o(-13).
8
Let o(c) = -c**2 + 8*c - 9. Give o(5).
6
Let p(g) = g - 12. Determine p(11).
-1
Let w(u) = -u**3 - 3*u**2 + 5*u + 14. Give w(-3).
-1
Let j(v) = -28*v**3 - 2*v + 1. What is j(1)?
-29
Let m(t) = -t**2 - 18*t - 7. What is m(-17)?
10
Let d(u) = -u**2 + 25*u + 95. Determine d(28).
11
Let r(z) = z**3 + 16*z**2 + 2*z + 16. Give r(-16).
-16
Let v(s) = -8*s**3 - 2*s + 1. Calculate v(1).
-9
Let n(y) = -y + 18. Calculate n(14).
4
Let p(j) = j**3 + 6*j**2 - 9*j - 22. Calculate p(-7).
-8
Let x(o) = 3*o**2 - 5*o + 5. Determine x(4).
33
Let m(f) = -f**3 + 13*f**2 + 15*f + 6. Give m(14).
20
Let p(w) = -7*w**3 + w**2 - 3*w - 2. Calculate p(-2).
64
Let t(u) = 11*u - 316. Calculate t(29).
3
Let s(p) = -10*p + 10. Give s(6).
-50
Let g(d) = -6*d**3 - 17*d**2 + 8*d + 12. Calculate g(-3).
-3
Let c(f) = f**3 - 2*f**2 - 3*f + 2. What is c(3)?
2
Let f(h) = 2*h - 6. Give f(9).
12
Let g(o) = -2*o**2 - 14*o + 38. Give g(-9).
2
Let s(t) = -t**3 - 5*t**2 - 5*t - 1. Give s(-3).
-4
Let w(x) = x - 9. Calculate w(6).
-3
Let h(z) = -30*z + 273. Calculate h(9).
3
Let l(s) = 5*s + 5. Give l(-5).
-20
Let g(n) = -2*n**3 + n**2 - 2. What is g(2)?
-14
Let d(z) = -z**3 - z**2 + z. What is d(0)?
0
Let a(o) = -30*o - 207. Calculate a(-7).
3
Let t(p) = -2*p**2 - 15*p - 19. Determine t(-7).
-12
Let j(f) = -f**2 + 8*f - 2. Give j(6).
10
Let x(n) = -n**2 - 19*n + 9. Give x(-20).
-11
Let o(v) = -v**2 - 19*v - 59. Give o(-17).
-25
Let o(l) = -3*l - 5. Determine o(4).
-17
Let a(r) = r**2 + 11*r + 25. Determine a(-6).
-5
Let t(l) = -l - 13. Give t(-12).
-1
Let r(p) = -4*p**2 - 2*p - 10. Calculate r(-3).
-40
Let j(a) = -5*a**2 - 214*a + 33. Give j(-43).
-10
Let n(m) = m**3 - 4*m**2 - 13*m - 3. Determine n(6).
-9
Let y(n) = n**3 + 7*n**2 + 9*n + 9. Determine y(-6).
-9
Let i(u) = -u**2 - 3*u - 3. Calculate i(-5).
-13
Let y(w) = -w**3 + 57*w**2 - 44*w - 683. Determine y(56).
-11
Let a(u) = 60*u + 361. Calculate a(-6).
1
Let w(k) = -k**2 + 38*k + 52. Calculate w(39).
13
Let q(m) = 3*m - 53. What is q(16)?
-5
Let g(i) = 15*i + 328. What is g(-23)?
-17
Let n(c) = c**3 - 13*c**2 + 31*c + 6. Calculate n(9).
-39
Let z(l) = l**2 + l + 7. What is z(-4)?
19
Let d(k) = k**3 - 5*k**2 - 9*k - 10. Determine d(7).
25
Let t(m) = 11*m**2 + 154*m + 8. Determine t(-14).
8
Let b(j) = -j**2 - 21*j + 15. Give b(-22).
-7
Let q(p) = 3*p + 48. What is q(-15)?
3
Let n(d) = d**2 + 17*d + 59. Give n(-11).
-7
Let s(g) = 18*g - 4. Calculate s(3).
50
Let p(k) = -4*k - 7. Give p(-4).
9
Let n(s) = s**2 - 21*s - 28. Give n(22).
-6
Let w(n) = 11*n + 48. Give w(-5).
-7
Let y(t) = 2*t**2 - t - 2. What is y(-3)?
19
Let h(c) = -2*c**2 + 9*c + 7. Give h(5).
2
Let d(p) = -p**2 + 13*p + 6. Give d(14).
-8
Let x(o) = -4*o - 10. What is x(10)?
-50
Let k(y) = 6*y + 72. Determine k(-12).
0
Let k(a) = -2*a - 7. Determine k(-7).
7
Let x(c) = c**3 - 22*c**2 + 20*c + 39. Give x(21).
18
Let s(n) = -n**2 - n + 9. Give s(-3).
3
Let k(d) = -2*d + 17. Determine k(-8).
33
Let f(a) = 4*a + 5. Calculate f(0).
5
Let b(q) = -q**2 - 9*q + 10. Calculate b(-9).
10
Let t(x) = -x**3 + 6*x**2 - x. Determine t(6).
-6
Let l(m) = 4*m + 35. Give l(-12).
-13
Let k(h) = 21*h**2 + h + 1. Give k(1).
23
Let f(n) = 7*n - 151. Calculate f(18).
-25
Let y(g) = -g**2 - 9*g - 1. What is y(-8)?
7
Let i(m) = -4*m - 26. Give i(-8).
6
Let y(a) = -a + 8. Calculate y(22).
-14
Let h(w) = 2*w**3 - 4*w**2 + 3*w - 1. Calculate h(2).
5
Let d(t) = -t**3 - 2. What is d(-2)?
6
Let l(n) = 2*n**2 + n - 6. Give l(5).
49
Let c(k) = -k**3 + 2*k**2 - 6*k + 4. Calculate c(4).
-52
Let l(k) = 4*k - 16. Determine l(-11).
-60
Let p(m) = -m**3 + 15*m**2 - 55*m - 4. Give p(6).
-10
Let z(w) = -41*w**2 - 2*w + 1. Calculate z(1).
-42
Let g(k) = -k**3 + 10*k**2 + 6*k + 5. Determine g(10).
65
Let m(p) = -p - 18. What is m(-9)?
-9
Let c(l) = -l**2 - 10*l + 36. What is c(-17)?
-83
Let l(o) = 11*o + 123. Calculate l(-9).
24
Let c(a) = -6*a - 34. Determine c(-19).
80
Let p(k) = 23*k - 9. What is p(-1)?
-32
Let v(y) = 6*y + 73. Determine v(-11).
7
Let i(h) = 115*h - 577. Calculate i(5).
-2
Let k(z) = -z**2 - z + 1. Determine k(3).
-11
Let n(p) = -2*p + 8. Calculate n(6).
-4
Let h(w) = -6*w**2 + 1. Give h(1).
-5
Let y(q) = -q - 11. Determine y(-10).
-1
Let m(y) = 3*y - 46. Calculate m(19).
11
Let n(q) = -q**2 - 2*q. Give n(-2).
0
Let t(h) = -h**2 + 26*h + 65. Give t(28).
9
Let s(o) = -2*o**3 - 23*o**2 - 17*o - 62. Determine s(-11).
4
Let i(l) = 7*l + 10. Give i(-3).
-11
Let t(c) = -29*c + 113. Calculate t(4).
-3
Let j(u) = -u**3 - 7*u**2 - 6*u - 10. Determine j(-5).
-30
Let d(g) = 6*g + 119. What is d(-13)?
41
Let n(p) = -8*p - 59. Determine n(7).
-115
Let i(q) = 7*q + 11. What is i(-2)?
-3
Let n(r) = r**3 + 2*r**2 - 8*r - 16. Calculate n(-4).
-16
Let s(v) = -7*v + 4. What is s(2)?
-10
Let q(o) = 32*o - 29. Give q(-3).
-125
Let f(v) = 2*v**3 + 4*v**2 + 2*v - 5. What is f(-3)?
-29
Let y(k) = 2*k**2 - 12*k + 11. What is y(6)?
11
Let a(q) = -q**2 + 6*q - 2. What is a(5)?
3
Let z(v) = 6*v + 131. Determine z(-23).
-7
Let n(t) = -t**3 - 7*t**2 + 19*t - 4. Give n(-9).
-13
Let t(b) = 37*b**3 + b**2 - b + 1. What is t(1)?
38
Let i(l) = -l**2 - 26*l - 103. Calculate i(-21).
2
Let g(d) = -2*d - 7. Give g(-7).
7
Let a(l) = l**2 + 3*l - 6. Give a(-5).
4
Let o(g) = g**2 - 3*g - 4. Determine o(9).
50
Let q(g) = -14*g**2 + 5*g - 9. Determine q(2).
-55
Let o(y) = -10*y - 5. Determine o(7).
-75
Let f(a) = -3*a - 38. Calculate f(-5).
-23
Let w(n) = -n**2 - n - 2. What is w(4)?
-22
Let x(l) = l**2 - 12*l + 16. What is x(10)?
-4
Let q(o) = 2*o**2 - 3*o. Give q(2).
2
Let n(g) = -g + 21. Determine n(20).
1
Let y(d) = -2*d**2 + 3*d + 7. Determine y(5).
-28
Let w(c) = -3*c**2 - 6*c - 16. What is w(-4)?
-40
Let w(k) = -3*k + 7. What is w(-5)?
22
Let r(k) = k - 3. Give r(-7).
-10
Let s(t) = -t**2 - 41*t - 105. Calculate s(-38).
9
Let l(g) = 3*g**3 + 3*g**2 - 4*g - 7. What is l(-3)?
-49
Let f(k) = 3*k - 34. Determine f(11).
-1
Let o(u) = u**2 - u - 11. Calculate o(-2).
-5
Let z(b) = -21*b + 281. Calculate z(13).
8
Let o(y) = 11*y**2 + 120*y - 14. Determine o(-11).
-3
Let o(j) = -10*j**2 + 2. Determine o(-1).
-8
Let j(x) = -11*x - 22. Calculate j(-10).
88
Let z(v) = -8*v**3 + v**2 + v - 1. Give z(-1).
7
Let p(v) = v**2 - 15*v - 3. Calculate p(8